?
1551
In base 16, what is 2a3355 - 3?
2a3352
In base 7, what is -1 - 154314?
-154315
In base 3, what is -120212012120 - -11?
-120212012102
In base 7, what is 1025 - 4134?
-3106
In base 11, what is -42361 - -2?
-4235a
In base 12, what is -339a - -3?
-3397
In base 4, what is -10 + -32102023?
-32102033
In base 4, what is 210 - 13031233?
-13031023
In base 5, what is 11 - -14133?
14144
In base 12, what is 36216a + -1?
362169
In base 11, what is 99 + 67?
155
In base 4, what is 1330020322 + 12?
1330021000
In base 3, what is 0 + -200220220001?
-200220220001
In base 15, what is -52 - -10b?
a9
In base 14, what is ba117 - -3?
ba11a
In base 11, what is 0 + -3080?
-3080
In base 11, what is -1868 + -289?
-2046
In base 3, what is 2010012201 + -12?
2010012112
In base 4, what is -3313 - 12011130?
-12021103
In base 5, what is 40322432 - -1?
40322433
In base 2, what is 100 + -1000000100111111110?
-1000000100111111010
In base 2, what is -1001011110100010 - 1001011?
-1001011111101101
In base 13, what is 77a4 - -2?
77a6
In base 5, what is 20001 - -21?
20022
In base 2, what is 1000111101101 + -101?
1000111101000
In base 16, what is 11a6d - -1?
11a6e
In base 5, what is -411332 + -243?
-412130
In base 13, what is 199 + 41?
20a
In base 7, what is -22404 - 212?
-22616
In base 16, what is -b6 - -1c5?
10f
In base 13, what is -5 - 2c133?
-2c138
In base 13, what is -637 + 19?
-61b
In base 2, what is 10 + 10100011100100?
10100011100110
In base 13, what is -114 + -5c8?
-70c
In base 5, what is -33 + 1022244?
1022211
In base 16, what is 2 - -2807?
2809
In base 6, what is -1052541 + -4?
-1052545
In base 9, what is -4 + 2226?
2222
In base 6, what is 53040 + 20?
53100
In base 16, what is 9b - 35d?
-2c2
In base 11, what is 3 - 192918?
-192915
In base 11, what is 9 - 30a4?
-3096
In base 9, what is -11353 - -1?
-11352
In base 16, what is -f60f + -5?
-f614
In base 4, what is -101023 - 22?
-101111
In base 3, what is 20 - 121102102?
-121102012
In base 11, what is -21549a + 1?
-215499
In base 4, what is 1300 - -3132?
11032
In base 4, what is 12 - -112332232?
112332310
In base 11, what is 1 - 5889?
-5888
In base 6, what is -221205324 - 3?
-221205331
In base 6, what is -124015 + -521?
-124540
In base 7, what is -531311 - -2?
-531306
In base 15, what is -8069 + 4?
-8065
In base 12, what is 97 - -173?
24a
In base 13, what is -2072 + c7?
-1c78
In base 2, what is 101 - -11110101010000100?
11110101010001001
In base 2, what is -10010111100110010 + -1?
-10010111100110011
In base 7, what is -36 + 221524?
221455
In base 10, what is -1 - -1320059?
1320058
In base 14, what is 4411 + -3?
440c
In base 5, what is 11 + 121213?
121224
In base 4, what is 32310122 - 11?
32310111
In base 6, what is 34 + 130023?
130101
In base 9, what is 26 + 3716?
3743
In base 15, what is 1a3 - 20?
183
In base 11, what is 286a1 - 2?
2869a
In base 5, what is -224 - 130?
-404
In base 16, what is -32a - -f3?
-237
In base 2, what is -1111 + 100111000001?
100110110010
In base 13, what is -7cb0 - 9?
-7cb9
In base 10, what is -3 - 78058?
-78061
In base 16, what is 4 + aea?
aee
In base 11, what is 29260 + -3?
29258
In base 9, what is -125 + -176?
-312
In base 6, what is 3352 - 5?
3343
In base 9, what is 1284 + -187?
1086
In base 11, what is 776 + -9?
768
In base 2, what is 11010110101 - 11110010101?
-11100000
In base 4, what is -111113 - 23301?
-201020
In base 5, what is 0 - -22120304?
22120304
In base 10, what is 457280 + 3?
457283
In base 16, what is -22c06 + 0?
-22c06
In base 5, what is -144 + -3142?
-3341
In base 6, what is -4204110 + 5?
-4204101
In base 6, what is -134 - -1032201?
1032023
In base 15, what is -3 + 1707c?
17079
In base 2, what is -10111011110 - -110?
-10111011000
In base 12, what is -4 - 93151?
-93155
In base 11, what is 22 + -113046?
-113024
In base 10, what is 5 - 49293?
-49288
In base 13, what is a - -28a?
297
In base 5, what is 0 - -333440021?
333440021
In base 15, what is 16700 + 11?
16711
In base 6, what is 10335434 - 3?
10335431
In base 5, what is 1 + -13202430?
-13202424
In base 12, what is -4793 - -2?
-4791
In base 12, what is -2a - -142?
114
In base 11, what is -a + -57335?
-57344
In base 4, what is -2012323010 - 11?
-2012323021
In base 12, what is -550 + 56?
-4b6
In base 8, what is 12504322 - -3?
12504325
In base 16, what is -9190 - 3?
-9193
In base 5, what is 0 - 330033?
-330033
In base 9, what is -2885 + 0?
-2885
In base 9, what is 0 + 58158?
58158
In base 7, what is -224061 - -65?
-223663
In base 2, what is -10011111101 - 1100?
-10100001001
In base 5, what is -3010143 + -3?
-3010201
In base 5, what is -14310 + 2300?
-12010
In base 5, what is 10 - 113030143?
-113030133
In base 8, what is 212626 + 3?
212631
In base 11, what is -4 + 223887?
223883
In base 9, what is -63130 + 0?
-63130
In base 8, what is -161721 - -1?
-161720
In base 6, what is 13351 + -35?
13312
In base 9, what is 2673545 - 4?
2673541
In base 13, what is -86 - 955?
-a0b
In base 4, what is -110222002110 - -1?
-110222002103
In base 10, what is -625 - -5?
-620
In base 11, what is 0 + -20113?
-20113
In base 11, what is -3 - -1129?
1126
In base 13, what is 58 - 104a?
-cc2
In base 7, what is 103 + -2206?
-2103
In base 13, what is 13 - -2cb?
311
In base 12, what is -14a709 - 4?
-14a711
In base 8, what is -3 + -4461?
-4464
In base 12, what is -ab - -141?
52
In base 7, what is 5 + 1631152?
1631160
In base 7, what is 2 + -1160314?
-1160312
In base 6, what is 1114 - 22?
1052
In base 5, what is 24431 - -14?
30000
In base 4, what is 3 - -131133013?
131133022
In base 7, what is 32232360 - -2?
32232362
In base 16, what is 66 + -f14?
-eae
In base 15, what is 53 - -944?
997
In base 14, what is -2c + 118d?
1161
In base 13, what is 4 + -2a6c?
-2a68
In base 15, what is -2b8e + -64?
-2c03
In base 13, what is -3212 + 1?
-3211
In base 3, what is 1 + -21111101?
-21111100
In base 14, what is b0589 + -4?
b0585
In base 8, what is -176 + -2752?
-3150
In base 9, what is -23080 - 2?
-23082
In base 3, what is 100 + -1002220212000?
-1002220211200
In base 7, what is 13234 + 5?
13242
In base 16, what is fc34d - -1?
fc34e
In base 9, what is 700 - -83?
783
In base 9, what is -5 + -806041?
-806046
In base 15, what is 13ac + 3da?
1797
In base 14, what is -197 + 44a0?
4307
In base 7, what is 35 + 254111?
254146
In base 15, what is 22d - -23a5?
25d3
In base 5, what is 143431410 - 4?
143431401
In base 6, what is 242444 - 4?
242440
In base 5, what is 32300 + -310?
31440
In base 9, what is 68 + 1463?
1542
In base 8, what is -3 - 256614?
-256617
In base 8, what is -176 + -363?
-561
In base 8, what is -1005 + -1307?
-2314
In base 12, what is -18292 + -24?
-182b6
In base 8, what is -26 + -1012?
-1040
In base 4, what is 230322 - -13020?
310002
In base 11, what is -1 - -52205?
52204
In base 5, what is 3 - -11004114?
11004122
In base 5, what is -3 - -2000?
1442
In base 3, what is 1100011221 - 111?
1100011110
In base 13, what is -1 - 73cc?
-7400
In base 13, what is -5 - -7c2c1?
7c2b9
In base 4, what is -11 - 2003010102?
-2003010113
In base 2, what is -100 - -11011001100111001111?
11011001100111001011
In base 13, what is c + 1005?
1014
In base 6, what is 34005 - -445?
34454
In base 16, what is -178dcc - -5?
-178dc7
In base 15, what is 556cc8 + -4?
556cc4
In base 8, what is -204 - -20563?
20357
In base 15, what is -23534 + 0?
-23534
In base 15, what is -99 + 78d?
6e4
In base 8, what is -4137026 - -4?
-4137022
In base 6, what is 324410 - 4?
324402
In base 9, what is 5 + 20276?
20282
In base 5, what is 140 - -13342?
14032
In base 14, what is -4 - -24b424?
24b420
In base 4, what is -121 - 2132?
-2313
In base 4, what is 1 - -331301031?
331301032
In base 14, what is 1b - 7cd5?
-7cb8
In base 2, what is -1000111101 - -10001?
-1000101100
In base 7, what is -25 - 104410?
-104435
In base 15, what is 2776 + -18?
275d
In base 14, what is -23 + -d29?
-d4c
In base 5, what is 242 + -30022?
-24230
In base 5, what is -12214211244 - 3?
-12214211302
In base 15, what is -6c + 6b?
-1
In base 8, what is 370 + 2354?
2744
In base 2, what is 11 - 11010101000001?
-11010100111110
In base 4, what is -11 + 332213103?
332213032
In base 14, what is 4 - -3b8?
3bc
In base 8, what is 2 - -55236?
55240
In base 13, what is 4 + -1988?
-1984
In base 12, what is -53 + -270b8?
-2714b
In base 11, what is 5749 + 12?
5760
